 prime number?
False
Suppose 5*o - 3 = 3*g - 0, -12 = -3*g. Suppose -o*m - 305 - 1 = 0. Let w = m - -155. Is w composite?
False
Suppose -4*s + 122 = -f - 89, -2*f = -3*s + 157. Is s composite?
False
Is (-26)/13 + (-786)/(-2) a composite number?
True
Suppose -5*d + 3183 = 3*c - c, -3*d = -4*c + 6431. Suppose -c = -5*q - 279. Is q a prime number?
False
Suppose -5*a - 3 - 2 = 0. Let l be 6 + a + (-6)/2. Suppose l*w = w + 149. Is w a prime number?
True
Let g(s) = 23*s**2 - 3*s - 3. Let z be g(-2). Suppose -a = 4*a - z. Is a prime?
True
Let v = -12 + 6. Let g(j) = -14*j - 3. Let u(d) = 15*d + 4. Let c(y) = 7*g(y) + 6*u(y). Is c(v) a composite number?
True
Let b = 0 + -1. Is b/((-1)/44) + 2 prime?
False
Suppose -6 = -3*x + x. Is 1/x - (-948)/18 a composite number?
False
Suppose -z + 2*u + 324 + 303 = 0, -5*z + 2*u + 3167 = 0. Is z composite?
True
Let c(r) = -r**3 + 6*r**2 + r. Let m be c(6). Let a = -5 + m. Is ((-1)/(-2))/(a/62) composite?
False
Suppose 5*i = 2*i + 333. Let f = i - -16. Is f a composite number?
False
Suppose t = 4*t - 6. Let j(g) = g**2 - g + 2. Let w be j(t). Suppose 0 = y + w*y - 230. Is y a composite number?
True
Is (-10)/(-55) - 6891/(-33) a prime number?
False
Suppose 7*m - 4*m + 567 = 0. Let c = -115 - m. Is c a prime number?
False
Let n = 9 + -7. Is (n + -1)/((-4)/(-316)) composite?
False
Suppose 4*g + 129 = g. Let o = g + 90. Is o a prime number?
True
Let n(z) = 108*z**2 + z. Is n(1) a composite number?
False
Let j(p) = p**3 + 2*p**2 - 5*p - 4. Let d be j(-3). Suppose x = d*x - 7. Is x a composite number?
False
Let z(n) = 80*n**2. Let b be z(-2). Suppose -5*j - 3*p - 210 + 626 = 0, -4*p = -4*j + b. Is j a prime number?
False
Is 69 + 0 - (6 + -4) composite?
False
Let u = 3 - 1. Is (u - (-22)/(-6))*-159 prime?
False
Suppose -2*u = 2*n - 8, -u - 4*n + 14 = u. Suppose 44 = 5*r - u. Suppose r*q = 4*q + 105. Is q composite?
True
Let k(z) be the third derivative of 17*z**7/630 + z**6/720 + z**4/24 + 3*z**2. Let g(a) be the second derivative of k(a). Is g(1) composite?
True
Suppose 0 = -h + r - 4*r + 785, -h = -5*r - 817. Is h a prime number?
True
Suppose -3*p = -0*p. Suppose -3*v + 93 - 36 = p. Is v prime?
True
Let r(v) = v**3 + 9*v**2 - 3*v + 10. Is r(-9) a composite number?
False
Suppose -2*r + 2 + 0 = 0. Let g be -2 - (0 + -35 - r). Is (g/10 + 1)*5 composite?
True
Let a = -12 + 21. Suppose -a = -3*v + 6. Suppose -v*m = -0*m + 4*o - 175, 0 = 3*m + 2*o - 105. Is m a prime number?
False
Let l be 7/(-9) + 14/(-63). Let m be l/(-4) - 263/(-4). Suppose 2*h = -4*n + m, -3*n - 4 = -n. Is h a composite number?
False
Suppose 0 = -0*d + 3*d - 3. Suppose -a = d - 2. Is (-10 + a)*(-4)/6 composite?
True
Let r = 271 + 27. Is r prime?
False
Let x be (-3)/2*16/(-12). Is ((-7)/x)/(1/(-14)) prime?
False
Suppose -5*g = -5*m + 345, 5*m + 2*g - 333 = g. Is m a composite number?
False
Suppose 3 + 162 = 5*m. Suppose 5*n + 42 = 177. Suppose d = 3*w + m, n + 138 = 5*d + w. Is d a composite number?
True
Let r(y) = -60*y - 5. Let k(o) = -o**2 - 3*o - 2. Let m be k(-3). Is r(m) a composite number?
True
Suppose 6233 = -5*p - 5*l - 852, 4*l - 1442 = p. Let q = -713 - p. Is q composite?
False
Suppose 12*y - 11*y = 373. Is y prime?
True
Suppose -6*f - q = -f - 2032, 4*f + 4*q - 1616 = 0. Is f composite?
True
Let k(t) = 3*t**2 + 16*t + 16. Is k(13) a composite number?
True
Let y = 71 + 56. Is y a prime number?
True
Suppose 4*d - 20 = -0*d. Suppose 0 = 4*g - d*g + 23. Is g a composite number?
False
Suppose -92 = -c + 79. Suppose c = 5*s - 0*n - 4*n, 3*n - 19 = -s. Is s a prime number?
True
Let w(g) = 8*g**3 - 4*g**2 - 5*g**3 - 2*g**3 - 5 - 7*g. Is w(6) a composite number?
True
Let u(i) = 248*i**2 - 1. Let n be u(1). Suppose 5*r - 1279 = -5*v + r, -v = 3*r - n. Is v composite?
True
Let f(b) = b**2 + 2*b - 1. Let l be f(6). Suppose 4*p = -3*a + 77, 4*a - p - 24 - l = 0. Suppose -t = -0*t - a. Is t a prime number?
True
Suppose 4*t - 3*z = 254, z = t - 6*t + 327. Is t composite?
True
Let c = 9 + 11. Suppose -4*k - 40 = -0*k. Let h = c + k. Is h prime?
False
Is (8 + -1)/(19/323) composite?
True
Let m = 10 + -6. Let s(w) = 11*w - 5. Is s(m) prime?
False
Let i be ((-4)/2 - -1) + 3. Let x(c) be the second derivative of c**4/6 - c**3/3 + 3*c**2/2 - 2*c. Is x(i) a composite number?
False
Is 422 + (6 - 5/5) prime?
False
Let w = 1510 + -861. Is w a prime number?
False
Suppose 10*z - 5*z = 155. Is z a prime number?
True
Let p be (-9)/3*44/(-3). Suppose 0*u + p = 2*u. Is u a prime number?
False
Suppose 5*f - 4*l = 2795, -2*f + 5*f - 3*l - 1677 = 0. Is f a prime number?
False
Let f = 1193 + -672. Is f a composite number?
False
Let b(v) = v + 4*v + 3 + 0*v - v. Suppose -2 = 2*m - 18. Is b(m) a prime number?
False
Let x(v) = 15*v + 2. Let w be (1/2)/(1/6). Is x(w) a composite number?
False
Let u = -2 - -4. Suppose -u*c = 3*c - 545. Is c prime?
True
Let a = 347 + -564. Let f = a - -310. Is f a prime number?
False
Let r = -70 + 22. Let x = 191 + r. Is x prime?
False
Let y(n) = 148*n**2 - 4 + 2 + 3. Let b(u) = 3*u + 16. Let g be b(-5). Is y(g) a prime number?
True
Is (-2)/(8/3460)*-1 prime?
False
Suppose -13*l - 3*l = -31184. Is l prime?
True
Let b = -1976 + 3721. Is b a composite number?
True
Let v = 9 - 5. Suppose -2*c - 30 = -v*c + 2*d, -3*d - 30 = -2*c. Is c composite?
True
Suppose 3*r - 25 = 35. Let c = r - 9. Is c composite?
False
Is 4/(-10) + (-17829)/(-35) a prime number?
True
Let s(o) = 4*o**2 - 4*o + 11. Is s(-12) a composite number?
True
Let w(u) = 84*u + 1. Let k be w(-3). Let x = 285 - -93. Let z = k + x. Is z a prime number?
True
Let g be (-342)/(-10) + 5/(-25). Suppose -4*q + 5*p + g = 0, 3*p - 3 = 4*q - 41. Is q composite?
False
Let t(r) = 9*r + 3. Let u be t(5). Suppose 57 = -5*v + 2*h, 3*v - 12 = 3*h - u. Let z(s) = -3*s - 2. Is z(v) composite?
False
Suppose -666 + 32 = -2*s. Is s a prime number?
True
Suppose 3*f - 7*f + 16 = 0. Suppose 6 = -u + f*j, -4*j = -u + j - 7. Let z = 17 - u. Is z a prime number?
True
Suppose 30*w + 2374 = 32*w. Is w composite?
False
Is -321*4*(-3)/18 a composite number?
True
Suppose -x = 4*x. Suppose -s + 2*s - 21 = x. Is s a composite number?
True
Let u(z) = z**3 - z**2 - 2*z + 3. Let t be u(3). Suppose 3*j - y = 17, 2*j - 4*y = 13 + t. Suppose 0 = j*d + 4*m - 48, -d + 5*m = 2*d - 44. Is d composite?
False
Suppose -4*w = 4*a + 120, -4*w + 5*w = -4*a - 111. Let j be (-112)/(-18) + 6/a. Let q = j + 1. Is q prime?
True
Suppose 0*z - 2*m = z - 365, 2*z - 751 = 3*m. Is z composite?
True
Let w = 15 + -11. Is w + -3 - (-2 - 32) prime?
False
Suppose 4*i = -i. Let t = 19 - i. Is t prime?
True
Suppose -605 = -3*j + 2*g, -5*g + 740 = 5*j - 285. Is j prime?
False
Suppose t + 4*r - 1579 = 0, -6*t + 2*t + 5*r = -6211. Is t prime?
True
Let i(h) = h - 1. Let t be i(3). Suppose 10 = 3*u - t. Suppose 0 = -2*o + u*n + 40, 3*o + 4*n + 2 = 12. Is o prime?
False
Let u(q) = 114*q**2 - q. Let h(p) = -114*p**2 + p. Let r(y) = -3*h(y) - 2*u(y). Is r(-1) composite?
True
Suppose 5*r + 10 = -5*m, 2*m = 5*r - 6 + 2. Let j = 1 - m. Is j prime?
True
Let d(r) = 2*r**2 - 8*r + 4. Let g be d(5). Suppose 0 = -m - 4, -3*b + m - 1 = -g. Suppose -2*i + b*i = 6. Is i a prime number?
False
Suppose -3*d - 4 = -2*d - j, -2*d = 4*j + 8. Is d/14 + (-5505)/(-35) a composite number?
False
Let g = -19 - -24. Suppose -g*u + 3137 - 1192 = 0. Is u a prime number?
True
Suppose -2*x - 130 = -4*x. Is x a composite number?
True
Let l(k) = -3*k**2 + 8*k + 5. Let t(j) = -6*j**2 + 15*j + 9. Let y(h) = 11*l(h) - 6*t(h). Let a be y(1). Is (-75)/a*(-4)/6 a prime number?
False
Is (83/2)/((-8)/(-16)) a composite number?
False
Let x(b) = 3*b**2 + b - 5. Let j be x(4). Let o = 21 + -16. Suppose -5*a - 110 = -o*v, 4*a - 5*a = -2*v + j. Is v prime?
False
Suppose 5*d + 333 = 2*b, 0 = 5*b - d + 6*d - 850. Is b a composite number?
True
Let r be ((-18)/(-15))/((-3)/20). Suppose -37 = 2*j + 29. Let u = r - j. Is u a composite number?
True
Let y(t) = -t**2 - 7*t - 10. Let k be y(-4). Suppose 0 = k*u + 3*a - 20, -4*a = -2*u + 20. Is u a prime number?
False
Let h be (-1 - -2) + 1*4. Suppose -4*n + 284 = 4*w, h*w - 3*n = -6*n + 355. Let k = 108 - w. Is k a prime number?
True
Let j = -41 - -20. Is (-458)/(-14) + (-6)/j a prime number?
False
Suppose 3*f + 4*r - 386 = f, -12 = -3*r. Suppose -3*m - f = -8*m. Su